9) in base 8?
-3045576
2b7560 (base 15) to base 4
20000303301
What is -2414230300 (base 5) in base 12?
-1a6aab3
610750 (base 14) to base 5
1314014202
What is -10255144 (base 6) in base 9?
-511711
a0c46e (base 15) to base 13
1774403
-53979a9 (base 11) to base 14
-138bdd2
1364a1 (base 13) to base 5
110032330
What is -412560 (base 11) in base 15?
-d1303
-1000001101111011010 (base 2) to base 10
-269274
Convert 4499403 (base 10) to base 6.
240234323
Convert 109791 (base 13) to base 12.
16b093
100211100022 (base 3) to base 15
3c4ab
21107456 (base 8) to base 13
c14153
-189e2 (base 15) to base 4
-103133312
What is -105441205 (base 6) in base 7?
-22366415
32753b (base 13) to base 15
186bba
8b21b1 (base 12) to base 8
10364625
2dc77 (base 14) to base 15
240e1
11010010001010001 (base 2) to base 4
122101101
What is -16a879 (base 16) in base 11?
-924709
Convert 32787 (base 11) to base 2.
1011100110100111
What is 1110011011000011010 (base 2) in base 13?
137160
37695 (base 11) to base 5
3212240
ee9b (base 15) to base 8
142562
Convert 112221022011200 (base 3) to base 14.
10a8d0b
What is 2343311 (base 5) in base 4?
22220331
250151420 (base 6) to base 12
1722570
Convert -61100405 (base 7) to base 11.
-2957679
-111453154 (base 6) to base 14
-3b3126
What is -111414310 (base 5) in base 12?
-2002a8
2197ca (base 16) to base 12
8a2062
What is -1101110011111010010 (base 2) in base 4?
-1232133102
What is -1357105 (base 9) in base 3?
-1101221010012
What is 165116 (base 8) in base 12?
2a866
-24104214 (base 6) to base 7
-6263542
116783 (base 12) to base 6
10005043
-25e565 (base 16) to base 10
-2483557
Convert -505a10 (base 15) to base 3.
-21011212120220
Convert 2415204 (base 6) to base 11.
87355
What is 41515035 (base 6) in base 3?
2021100121212
254104030 (base 6) to base 3
100022200212200
Convert -4046360 (base 7) to base 13.
-13b794
24401411 (base 5) to base 3
102202112101
-76959 (base 11) to base 3
-12200010022
Convert -11303044 (base 5) to base 2.
-11001010001100100
-24313113 (base 5) to base 16
-37f26
What is -121202001 (base 4) in base 7?
-613614
Convert -3013002132 (base 4) to base 6.
-25250210
-31620534 (base 7) to base 13
-7343c7
What is -1231040403 (base 5) in base 14?
-57a798
Convert 4a1919 (base 14) to base 6.
130235111
-ca5db7 (base 16) to base 4
-302211312313
-39dcbb (base 15) to base 16
-2a6d55
What is 105408 (base 9) in base 5?
4004101
What is 4653 (base 15) in base 8?
35120
2eb5a (base 15) to base 14
3d0a0
What is 2003405 (base 6) in base 8?
267635
What is -729e6c (base 16) in base 11?
-4270692
Convert 81466 (base 9) to base 6.
1052053
What is 52828 (base 16) in base 2?
1010010100000101000
Convert 91b53 (base 15) to base 9.
773116
What is 111111012100 (base 3) in base 8?
1006434
What is -150a753 (base 11) in base 3?
-11212122020010
Convert -63034 (base 8) to base 13.
-bb8a
What is 11534540 (base 6) in base 15?
74b53
-1387863 (base 11) to base 7
-26151115
What is 12012110102221 (base 3) in base 9?
5173387
What is -162563345 (base 7) in base 9?
-22687365
-22430245 (base 6) to base 15
-d8e02
Convert 1400315 (base 6) to base 9.
127742
100010010111110000 (base 2) to base 11
96856
-136710 (base 14) to base 5
-132432142
What is 1110110111100000101 (base 2) in base 4?
1312330011
Convert 2002220121121 (base 3) to base 10.
1120192
What is c44532 (base 14) in base 10?
6619552
What is 1010111100101100 (base 2) in base 7?
244512
-1122235 (base 6) to base 10
-57551
What is -562913 (base 11) in base 10?
-896866
Convert c7b851 (base 16) to base 13.
29337a7
Convert -84a287 (base 11) to base 10.
-1360619
-1167446 (base 11) to base 16
-1efae5
-b0054 (base 14) to base 3
-210110202201
Convert 30282074 (base 9) to base 12.
4a4344a
-13414414 (base 5) to base 11
-95262
3822861 (base 9) to base 3
10220202222001
What is 3415441 (base 8) in base 6?
31451505
43043 (base 13) to base 12
59b62
Convert 1838276 (base 10) to base 3.
10110101122022
13a7796 (base 11) to base 12
983595
Convert 282c87 (base 13) to base 5.
222240412
-224053301 (base 6) to base 14
-790c73
22144210 (base 5) to base 8
572220
Convert -113410442 (base 5) to base 4.
-2001013220
What is 10741232 (base 8) in base 5?
1044443303
What is 146533 (base 9) in base 10?
90102
376675 (base 10) to base 15
7691a
-232223000 (base 4) to base 9
-321208
Convert -a1c274 (base 14) to base 6.
-312451502
Convert -d727 (base 16) to base 6.
-1102555
-1323455 (base 7) to base 14
-47665
Convert -cc1774 (base 15) to base 3.
-200022002021101
What is -113331120 (base 6) in base 4?
-20013102120
-55d93 (base 14) to base 15
-41b87
217477 (base 9) to base 15
28871
Convert 2aa2396 (base 13) to base 14.
1b57170
What is 344051 (base 8) in base 9?
187162
What is 6353414 (base 7) in base 10?
769556
325043 (base 8) to base 16
1aa23
Convert -5299838 (base 10) to base 9.
-10867008
Convert b04bc (base 13) to base 16.
4ce7a
-a05988 (base 11) to base 2
-110001011000110101110
What is a28bc9 (base 15) in base 9?
15473220
Convert -305032 (base 6) to base 2.
-101111101101100
Convert 5000 (base 16) to base 5.
1123410
223142 (base 5) to base 3
101212102
-2126307 (base 9) to base 8
-4261735
-13922861 (base 10) to base 16
-d4722d
Convert 51a920 (base 12) to base 14.
255a64
-305254 (base 7) to base 12
-26301
What is 11202110111 (base 3) in base 11?
643a6
Convert 18732424 (base 9) to base 14.
1386cc7
Convert -22311112 (base 5) to base 16.
-30419
What is -32c8b (base 15) in base 3?
-22012110212
What is 841002 (base 11) in base 8?
5111321
What is -a058a (base 16) in base 8?
-2402612
309772 (base 11) to base 12
1bb0a2
-11111200101210 (base 3) to base 14
-464b96
Convert 30050015 (base 6) to base 14.
1805bd
-1178dd (base 16) to base 12
-472791
What is 22212020211222 (base 3) in base 12?
16b12bb
Convert 98b9b (base 16) to base 2.
10011000101110011011
1000011011001010101011 (base 2) to base 12
8a6037
What is 42035b (base 14) in base 6?
115434301
What is -67922b (base 15) in base 8?
-22663263
What is -727419 (base 10) in base 11?
-457580
What is 25548 (base 10) in base 15?
7883
Convert 100010111100011001011 (base 2) to base 8.
4274313
What is -113500125 (base 6) in base 10?
-2138453
What is 418a8 (base 12) in base 11?
59639
Convert -314a2 (base 16) to base 12.
-98a02
What is 10101100001101101 (base 2) in base 4?
111201231
Convert -34622 (base 8) to base 16.
-3992
3bc5c (base 13) to base 10
111955
What is -611024 (base 8) in base 13?
-70799
-1222010121012 (base 3) to base 6
-34225435
What is 2126371 (base 9) in base 5?
242432414
What is -9286b (base 12) in base 7?
-1424525
Convert 437f8b (base 16) to base 14.
83212b
Convert -3440414 (base 5) to base 13.
-222a0
What is 11201300021 (base 4) in base 14?
29a09b
Convert -2a27 (base 15) to base 11.
-6876
What is -90487 (base 11) in base 2?
-100000010011111100
-380626 (base 13) to base 4
-11013332311
What is 26266023 (base 7) in base 3?
11112002101210
a48491 (base 13) to base 12
1355520
What is 43451024 (base 6) in base 2?
100111100110001111000
-8739123 (base 10) to base 8
-41254463
770010 (base 8) to base 3
111002222122
5410326 (base 8) to base 12
598a46
What is 3352 (base 13) in base 3?
100211101
What is -423121211 (base 5) in base 2?
-110110000001011000101
Convert 1351602 (base 7) to base 2.
101100000111101010
-a822a7 (base 15) to base 2
-11110100010100111011011
Convert -633026 (base 8) to base 10.
-210454
3a813b6 (base 12) to base 16
b138fa
Convert -2300310 (base 5) to base 16.
-9f01
Convert b5d34 (base 15) to base 8.
2146324
1314122102 (base 5) to base 6
154032101
What is 34031242 (base 6) in base 5?
230440014
What is -221011212210 (base 3) in base 9?
-834783
4a352 (base 12) to base 11
69742
34607 (base 9) to base 15
6c97
Convert -32231221101 (base 4) to base 2.
-1110101101101001010001
10120011200101 (base 3) to base 16
1ce274
Convert 4650814 (base 10) to base 11.
2697253
What is -56933 (base 13) in base 14?
-415b8
-a16282 (base 12) to base 3
-11202000112022
60027 (base 10) to base 5
3410102
Convert -1056650 (base 7) to base 3.
-20201010102
Convert 10010100011010001011100 (base 2) to base 10.
4863068
What is -431551524 (base 6) in base 11?
-43560a2
-5061255 (base 8) to base 10
-1335981
Convert -1633352 (base 9) to base 5.
-213023040
What is 207427 (base 9) in base 13?
4430b
What is 10709977 (base 10) in base 3?
2020110100222